{"id":74,"date":"2015-02-12T21:14:41","date_gmt":"2015-02-12T20:14:41","guid":{"rendered":"http:\/\/wanderkid.eu\/?page_id=74"},"modified":"2015-02-12T21:31:07","modified_gmt":"2015-02-12T20:31:07","slug":"tag-6-50-x-jahre-und-kein-bisschen-weiser","status":"publish","type":"page","link":"https:\/\/wanderkid.eu\/?page_id=74","title":{"rendered":"Tag 6: 50 + X-Jahre und kein bisschen weiser!"},"content":{"rendered":"<p>Es sollte der kr\u00f6nende Abschluss sein. Der Urlaub war ganz genau verplant, allerdings mit kleinen \u00c4nderungsm\u00f6glichkeiten.<br \/>\nDer letzte Tag sollte aber etwas besonderes werden. Ich wollte <a href=\"http:\/\/www.sentres.com\/de\/skitour\/schuettalkopf\" target=\"_blank\" rel=\"nofollow\">da<\/a> hoch.<\/p>\n<p>Das Wetter war perfekt, die Lawinenlage gem\u00e4\u00dfigt mit Problemzonen \u00fcber 2000 m in eingewehten Rinnen, ich werde sie vermeiden.<br \/>\nAm Parkplatz<\/p>\n<div class=\"size_fullsize\"><img class=\"thumbnail\" title=\"Name:  00091.jpg&lt;br \/&gt;\nHits: 32&lt;br \/&gt;\nGr\u00f6\u00dfe:  46,3 KB\" src=\"http:\/\/www.wanderforum.de\/attachment.php?attachmentid=10231&amp;d=1422306509\" alt=\"Name:  00091.jpg&lt;br \/&gt;\nHits: 32&lt;br \/&gt;\nGr\u00f6\u00dfe:  46,3 KB\" border=\"0\" \/><\/div>\n<p>in Kasern nochmals mit dem freundlichen Menschen von der Loipe geredet. Sch\u00fcttalkopf? ist m\u00f6glich, Lawinen? aufpassen auf steile Rinnen und W\u00e4chten. Mit einem &#8222;viel Spa\u00df&#8220; und &#8222;kannst die Loipe benutzen&#8220; ging es los. Immer auf der Loipe<\/p>\n<div class=\"size_fullsize\"><img class=\"thumbnail\" title=\"Name:  00092.jpg&lt;br \/&gt;\nHits: 32&lt;br \/&gt;\nGr\u00f6\u00dfe:  29,7 KB\" src=\"http:\/\/www.wanderforum.de\/attachment.php?attachmentid=10232&amp;d=1422306510\" alt=\"Name:  00092.jpg&lt;br \/&gt;\nHits: 32&lt;br \/&gt;\nGr\u00f6\u00dfe:  29,7 KB\" border=\"0\" \/><\/div>\n<p>(sch\u00f6n am Rand der Skating Spur) am Talgrund entlang. Ich war alleine unterwegs, ein paar Langl\u00e4ufer, die mit Tempo an mir vorbei zogen, z\u00e4hlen nicht.<\/p>\n<div class=\"size_fullsize\"><img class=\"thumbnail\" title=\"Name:  00095.jpg&lt;br \/&gt;\nHits: 31&lt;br \/&gt;\nGr\u00f6\u00dfe:  40,3 KB\" src=\"http:\/\/www.wanderforum.de\/attachment.php?attachmentid=10235&amp;d=1422306514\" alt=\"Name:  00095.jpg&lt;br \/&gt;\nHits: 31&lt;br \/&gt;\nGr\u00f6\u00dfe:  40,3 KB\" border=\"0\" \/><\/div>\n<p>Die Beschreibung bei Sentres stimmt nicht mit der Karte und dem mitgelieferten Track \u00fcberein, das kann mich aber nicht ersch\u00fcttern. Ich wusste, dass ich zur Tauernalm musste und hielt mich an die Wegweiser<\/p>\n<div class=\"size_fullsize\"><img class=\"thumbnail\" title=\"Name:  00094.jpg&lt;br \/&gt;\nHits: 31&lt;br \/&gt;\nGr\u00f6\u00dfe:  43,1 KB\" src=\"http:\/\/www.wanderforum.de\/attachment.php?attachmentid=10234&amp;d=1422306511\" alt=\"Name:  00094.jpg&lt;br \/&gt;\nHits: 31&lt;br \/&gt;\nGr\u00f6\u00dfe:  43,1 KB\" border=\"0\" \/><\/div>\n<p>und den gespurten Weg. Es geht einen steilen Hang hoch, immer auf der Suche nach genug Schnee, schraubte ich mich im Zickzack h\u00f6her. Vorbei an der Tauernalm<\/p>\n<div class=\"size_fullsize\"><img class=\"thumbnail\" title=\"Name:  00102.jpg&lt;br \/&gt;\nHits: 31&lt;br \/&gt;\nGr\u00f6\u00dfe:  54,1 KB\" src=\"http:\/\/www.wanderforum.de\/attachment.php?attachmentid=10242&amp;d=1422306523\" alt=\"Name:  00102.jpg&lt;br \/&gt;\nHits: 31&lt;br \/&gt;\nGr\u00f6\u00dfe:  54,1 KB\" border=\"0\" \/><\/div>\n<div class=\"size_fullsize\"><img class=\"thumbnail\" title=\"Name:  00101.jpg&lt;br \/&gt;\nHits: 31&lt;br \/&gt;\nGr\u00f6\u00dfe:  41,9 KB\" src=\"http:\/\/www.wanderforum.de\/attachment.php?attachmentid=10241&amp;d=1422306524\" alt=\"Name:  00101.jpg&lt;br \/&gt;\nHits: 31&lt;br \/&gt;\nGr\u00f6\u00dfe:  41,9 KB\" border=\"0\" \/><\/div>\n<p>in einen S\u00fcdhang hinein, die Sonne und der Wind lie\u00dfen den Schnee verschwinden. Ich konnte schon das n\u00e4chste Etappenziel<\/p>\n<div class=\"size_fullsize\"><img class=\"thumbnail\" title=\"Name:  00103.jpg&lt;br \/&gt;\nHits: 32&lt;br \/&gt;\nGr\u00f6\u00dfe:  39,9 KB\" src=\"http:\/\/www.wanderforum.de\/attachment.php?attachmentid=10243&amp;d=1422306525\" alt=\"Name:  00103.jpg&lt;br \/&gt;\nHits: 32&lt;br \/&gt;\nGr\u00f6\u00dfe:  39,9 KB\" border=\"0\" \/><\/div>\n<p>erkennen, als ich mich entschloss Brotzeit zu machen und wieder abzufahren.<\/p>\n<div class=\"size_fullsize\"><img class=\"thumbnail\" title=\"Name:  00099.jpg&lt;br \/&gt;\nHits: 31&lt;br \/&gt;\nGr\u00f6\u00dfe:  36,6 KB\" src=\"http:\/\/www.wanderforum.de\/attachment.php?attachmentid=10239&amp;d=1422306519\" alt=\"Name:  00099.jpg&lt;br \/&gt;\nHits: 31&lt;br \/&gt;\nGr\u00f6\u00dfe:  36,6 KB\" border=\"0\" \/><\/div>\n<div class=\"size_fullsize\"><img class=\"thumbnail\" title=\"Name:  00098.jpg&lt;br \/&gt;\nHits: 31&lt;br \/&gt;\nGr\u00f6\u00dfe:  44,0 KB\" src=\"http:\/\/www.wanderforum.de\/attachment.php?attachmentid=10238&amp;d=1422306517\" alt=\"Name:  00098.jpg&lt;br \/&gt;\nHits: 31&lt;br \/&gt;\nGr\u00f6\u00dfe:  44,0 KB\" border=\"0\" \/><\/div>\n<div class=\"size_fullsize\"><img class=\"thumbnail\" title=\"Name:  00097.jpg&lt;br \/&gt;\nHits: 32&lt;br \/&gt;\nGr\u00f6\u00dfe:  57,6 KB\" src=\"http:\/\/www.wanderforum.de\/attachment.php?attachmentid=10237&amp;d=1422306516\" alt=\"Name:  00097.jpg&lt;br \/&gt;\nHits: 32&lt;br \/&gt;\nGr\u00f6\u00dfe:  57,6 KB\" border=\"0\" \/><\/div>\n<p>Nach einem Sturz, ich bin mit beiden Ski in einer zugewehten Alpenrose h\u00e4ngen geblieben, wurde ich vorsichtiger und habe meine Ski auch ein eine ganze Strecke, wo es wirklich nicht genug Schnee gab, getragen. Wandern in Skistiefel, zwar Tourenstiefel, ist nicht ohne, aber es ging so einiger Ma\u00dfen. Zur\u00fcck auf die Loipe und die letzten Kilometer auf flachem Grund skaten.<\/p>\n<p>&nbsp;<\/p>\n<p>Insgesamt war ich 10,8km, mit Pausen 4 Stunden bei 520 H\u00f6henmeter unterwegs. Bis halb den Berg runter habe ich bis auf die Langl\u00e4ufer keine Menschenseele gesehen, es h\u00e4tte der perfekte Tag sein k\u00f6nnen.<\/p>\n<p>&nbsp;<\/p>\n<p>Zur\u00fcck am Auto, umziehen, ein Bier organisieren und zur\u00fcck zum Hotel, wo Tanja auf mich wartete.<br \/>\nK\u00e4se, Speck, Wein und Wurst kaufen, zu Abend essen, die Rechnung begleichen und packen.<\/p>\n<p>&nbsp;<\/p>\n<p>Bis bald<\/p>\n<p>Martin<\/p>\n<p>&nbsp;<\/p>\n<p>Weiter geht es <a href=\"https:\/\/wanderkid.eu\/?page_id=88\">hier<\/a><\/p>\n","protected":false},"excerpt":{"rendered":"<p>Es sollte der kr\u00f6nende Abschluss sein. Der Urlaub war ganz genau verplant, allerdings mit kleinen \u00c4nderungsm\u00f6glichkeiten. Der letzte Tag sollte aber etwas besonderes werden. Ich wollte da hoch. Das Wetter <a href=\"https:\/\/wanderkid.eu\/?page_id=74\" class=\"more-link\">[&hellip;]<\/a><\/p>\n","protected":false},"author":1,"featured_media":0,"parent":27,"menu_order":5,"comment_status":"open","ping_status":"open","template":"","meta":{"Layout":""},"_links":{"self":[{"href":"https:\/\/wanderkid.eu\/index.php?rest_route=\/wp\/v2\/pages\/74"}],"collection":[{"href":"https:\/\/wanderkid.eu\/index.php?rest_route=\/wp\/v2\/pages"}],"about":[{"href":"https:\/\/wanderkid.eu\/index.php?rest_route=\/wp\/v2\/types\/page"}],"author":[{"embeddable":true,"href":"https:\/\/wanderkid.eu\/index.php?rest_route=\/wp\/v2\/users\/1"}],"replies":[{"embeddable":true,"href":"https:\/\/wanderkid.eu\/index.php?rest_route=%2Fwp%2Fv2%2Fcomments&post=74"}],"version-history":[{"count":2,"href":"https:\/\/wanderkid.eu\/index.php?rest_route=\/wp\/v2\/pages\/74\/revisions"}],"predecessor-version":[{"id":90,"href":"https:\/\/wanderkid.eu\/index.php?rest_route=\/wp\/v2\/pages\/74\/revisions\/90"}],"up":[{"embeddable":true,"href":"https:\/\/wanderkid.eu\/index.php?rest_route=\/wp\/v2\/pages\/27"}],"wp:attachment":[{"href":"https:\/\/wanderkid.eu\/index.php?rest_route=%2Fwp%2Fv2%2Fmedia&parent=74"}],"curies":[{"name":"wp","href":"https:\/\/api.w.org\/{rel}","templated":true}]}}